{"id":2776,"date":"2015-04-02T20:20:53","date_gmt":"2015-04-02T20:20:53","guid":{"rendered":"http:\/\/www.compuactive.net\/~adminhm\/?page_id=2776"},"modified":"2021-01-12T19:51:51","modified_gmt":"2021-01-12T19:51:51","slug":"acciones-solidarias","status":"publish","type":"page","link":"https:\/\/www.hmcapacitacion.com\/?page_id=2776","title":{"rendered":"Acciones Solidarias"},"content":{"rendered":"[vc_row type=\u00bbin_container\u00bb full_screen_row_position=\u00bbmiddle\u00bb column_margin=\u00bbdefault\u00bb scene_position=\u00bbcenter\u00bb text_color=\u00bbdark\u00bb text_align=\u00bbleft\u00bb top_padding=\u00bb80&#8243; bottom_padding=\u00bb5&#8243; overlay_strength=\u00bb0.3&#8243; shape_divider_position=\u00bbbottom\u00bb bg_image_animation=\u00bbnone\u00bb][vc_column column_padding=\u00bbno-extra-padding\u00bb column_padding_position=\u00bball\u00bb background_color_opacity=\u00bb1&#8243; background_hover_color_opacity=\u00bb1&#8243; column_link_target=\u00bb_self\u00bb column_shadow=\u00bbnone\u00bb column_border_radius=\u00bbnone\u00bb width=\u00bb1\/2&#8243; tablet_width_inherit=\u00bbdefault\u00bb tablet_text_alignment=\u00bbdefault\u00bb phone_text_alignment=\u00bbdefault\u00bb overlay_strength=\u00bb0.3&#8243; column_border_width=\u00bbnone\u00bb column_border_style=\u00bbsolid\u00bb bg_image_animation=\u00bbnone\u00bb][vc_column_text]\n<h2>Acciones Solidarias<\/h2>\n<p style=\"text-align: justify;\"><strong>HM Capacitaci\u00f3n<\/strong> se compromete socialmente y organiza sus recursos para poder asistir con acciones formativas y f\u00edsicas, a diversos grupos sociales con los que interact\u00faa.<br \/>\nDe manera <strong>voluntaria<\/strong> dicta distintas capacitaciones de RCP, uso de DEA, Primeros Auxilios, Rescate con Cuerdas, Salvamento Acu\u00e1tico, etc, a organizaciones tales como Grupos Scouts, Instituciones Educativas Estatales, Cuerpo de Bomberos, Defensa Civil, entre otros.<\/p>\n<p style=\"text-align: justify;\"><strong>Consult\u00e9nos <\/strong>cu\u00e1les son<strong> los requisitos para llevar adelante una acci\u00f3n solidaria!.<\/strong><\/p>\n[\/vc_column_text][\/vc_column][vc_column column_padding=\u00bbno-extra-padding\u00bb column_padding_position=\u00bball\u00bb background_color_opacity=\u00bb1&#8243; background_hover_color_opacity=\u00bb1&#8243; column_link_target=\u00bb_self\u00bb column_shadow=\u00bbnone\u00bb column_border_radius=\u00bbnone\u00bb width=\u00bb1\/2&#8243; tablet_width_inherit=\u00bbdefault\u00bb tablet_text_alignment=\u00bbdefault\u00bb phone_text_alignment=\u00bbdefault\u00bb overlay_strength=\u00bb0.3&#8243; column_border_width=\u00bbnone\u00bb column_border_style=\u00bbsolid\u00bb bg_image_animation=\u00bbnone\u00bb][vc_column_text]\n<p>I am text block. Click edit button to change this text. Lorem ipsum dolor sit amet, consectetur adipiscing elit. Ut elit tellus, luctus nec ullamcorper mattis, pulvinar dapibus leo.<\/p>\n[\/vc_column_text]\r\n\t\t<div class=\"nectar-progress-bar\">\r\n\t\t\t<p>Iglesias<\/p>\r\n\t\t\t<div class=\"bar-wrap\"><span class=\"accent-color\" data-width=\"85\"> <strong><i>85<\/i>%<\/strong> <\/span><\/div>\r\n\t\t<\/div>\r\n\t\t<div class=\"nectar-progress-bar\">\r\n\t\t\t<p>Grupos Scouts<\/p>\r\n\t\t\t<div class=\"bar-wrap\"><span class=\"accent-color\" data-width=\"70\"> <strong><i>70<\/i>%<\/strong> <\/span><\/div>\r\n\t\t<\/div>\r\n\t\t<div class=\"nectar-progress-bar\">\r\n\t\t\t<p>Cuarteles de Bomberos Voluntarios<\/p>\r\n\t\t\t<div class=\"bar-wrap\"><span class=\"accent-color\" data-width=\"65\"> <strong><i>65<\/i>%<\/strong> <\/span><\/div>\r\n\t\t<\/div>\r\n\t\t<div class=\"nectar-progress-bar\">\r\n\t\t\t<p>Escuelas del Conurbano y Escuelas Rurales<\/p>\r\n\t\t\t<div class=\"bar-wrap\"><span class=\"accent-color\" data-width=\"75\"> <strong><i>75<\/i>%<\/strong> <\/span><\/div>\r\n\t\t<\/div>\r\n\t\t<div class=\"nectar-progress-bar\">\r\n\t\t\t<p>Sociedades de Fomento<\/p>\r\n\t\t\t<div class=\"bar-wrap\"><span class=\"accent-color\" data-width=\"50\"> <strong><i>50<\/i>%<\/strong> <\/span><\/div>\r\n\t\t<\/div>\r\n\t\t<div class=\"nectar-progress-bar\">\r\n\t\t\t<p>otros<\/p>\r\n\t\t\t<div class=\"bar-wrap\"><span class=\"accent-color\" data-width=\"45\"> <strong><i>45<\/i>%<\/strong> <\/span><\/div>\r\n\t\t<\/div>[\/vc_column][\/vc_row][vc_row type=\u00bbin_container\u00bb full_screen_row_position=\u00bbmiddle\u00bb column_margin=\u00bbdefault\u00bb scene_position=\u00bbcenter\u00bb text_color=\u00bbdark\u00bb text_align=\u00bbleft\u00bb overlay_strength=\u00bb0.3&#8243; shape_divider_position=\u00bbbottom\u00bb bg_image_animation=\u00bbnone\u00bb][vc_column column_padding=\u00bbno-extra-padding\u00bb column_padding_position=\u00bball\u00bb background_color_opacity=\u00bb1&#8243; background_hover_color_opacity=\u00bb1&#8243; column_link_target=\u00bb_self\u00bb column_shadow=\u00bbnone\u00bb column_border_radius=\u00bbnone\u00bb width=\u00bb1\/1&#8243; tablet_width_inherit=\u00bbdefault\u00bb tablet_text_alignment=\u00bbdefault\u00bb phone_text_alignment=\u00bbdefault\u00bb overlay_strength=\u00bb0.3&#8243; column_border_width=\u00bbnone\u00bb column_border_style=\u00bbsolid\u00bb bg_image_animation=\u00bbnone\u00bb][carousel script=\u00bbcarouFredSel\u00bb easing=\u00bbeaseInOutQuart\u00bb carousel_title=\u00bbAcciones Solidarias Realizadas\u00bb scroll_speed=\u00bb1000&#8243;][item id=\u00bb1610480961305-0&#8243; title=\u00bbItem\u00bb tab_id=\u00bb1610480961306-5&#8243;][team_member image_url=\u00bb3663&#8243; team_memeber_style=\u00bbmeta_below\u00bb link_element=\u00bbnone\u00bb color=\u00bbAccent-Color\u00bb description=\u00bbCharla de RCP y DEA para Reanimadores Iniciales.<br \/>\nA la capacitaci\u00f3n asistieron unos 30 scouts adolescentes que tomaron la charla con mucha atenci\u00f3n. Les agradecemos su invitaci\u00f3n y gran amabilidad.\u00bb name=\u00bbGrupo Scouts de Zarate\u00bb job_position=\u00bbZ\u00e1rate\u00bb][\/item][item id=\u00bb1610480961394-6&#8243; title=\u00bbItem\u00bb tab_id=\u00bb1610480961395-5&#8243;][team_member image_url=\u00bb3638&#8243; team_memeber_style=\u00bbmeta_below\u00bb link_element=\u00bbnone\u00bb color=\u00bbAccent-Color\u00bb description=\u00bbCharla de RCP y DEA para Reanimadores Iniciales.<br \/>\nAcudieron casi 40 personas de diferentes edades y distintas profesiones. Gracias por abrirnos las puertas de su espacio.\u00bb name=\u00bbAL BORDE &#8211; Grupo Cultural\u00bb job_position=\u00bbLongchamps\u00bb][\/item][item id=\u00bb1610480961448-9&#8243; title=\u00bbItem\u00bb tab_id=\u00bb1610480961449-2&#8243;][team_member image_url=\u00bb3597&#8243; team_memeber_style=\u00bbmeta_below\u00bb link_element=\u00bbnone\u00bb color=\u00bbAccent-Color\u00bb description=\u00bbCharla de RCP y DEA para Profesionales de la Salud.<br \/>\nLos Bomberos de esa localidad, nos recibieron para que dictemos un charla de actualizaci\u00f3n en maniobras de RCP y uso de DEA calificado.\u00bb name=\u00bbBomberos Voluntarios Destacamento Lima\u00bb job_position=\u00bbLima\u00bb][\/item][item id=\u00bb1610480961490-0&#8243; title=\u00bbItem\u00bb tab_id=\u00bb1610480961491-8&#8243;][team_member image_url=\u00bb3426&#8243; team_memeber_style=\u00bbmeta_below\u00bb link_element=\u00bbnone\u00bb color=\u00bbAccent-Color\u00bb description=\u00bbCharla de RCP y Primeros Auxilios B\u00e1sicos.<br \/>\nNuestro agradecimiento a la direcci\u00f3n de la escuela, al plantel docente y a los padres que se autoconvocaron y nos invitaron a dictar esta capacitaci\u00f3n.\u00bb name=\u00bbEscuela Rural n\u00ba 20 de Lima\u00bb job_position=\u00bbLima\u00bb][\/item][item title=\u00bbItem\u00bb id=\u00bb1610480961541-7&#8243; tab_id=\u00bb1610480961542-8&#8243;][team_member image_url=\u00bb3677&#8243; team_memeber_style=\u00bbmeta_below\u00bb link_element=\u00bbnone\u00bb color=\u00bbAccent-Color\u00bb description=\u00bbCharla de RCP y DEA para Reanimadores Iniciales.<br \/>\nVarias personas de distintas localidades de Lomas de Zamora, se acercaron a recibir la capacitaci\u00f3n de RCP y DEA. Agradecemos el habernos escuchado.\u00bb name=\u00bbParque Municipal Finky\u00bb job_position=\u00bbLomas de Zamora\u00bb][\/item][item title=\u00bbItem\u00bb id=\u00bb1610480961594-8&#8243; tab_id=\u00bb1610480961596-8&#8243;][team_member image_url=\u00bb3678&#8243; team_memeber_style=\u00bbmeta_below\u00bb link_element=\u00bbnone\u00bb color=\u00bbAccent-Color\u00bb description=\u00bbCharla de RCP y Primeros Auxilios B\u00e1sicos.<br \/>\nNuestro agradecimiento a todas las personas que forman parte de la Iglesia por invitarnos a capacitarlos en maniobras de RCP y Primeros Auxilios B\u00e1sicos.\u00bb name=\u00bbIglesia Tabernaculo de Vida\u00bb job_position=\u00bbLa Ferrere\u00bb][\/item][item title=\u00bbItem\u00bb id=\u00bb1610480961655-5&#8243; tab_id=\u00bb1610480961658-10&#8243;][team_member image_url=\u00bb4047&#8243; team_memeber_style=\u00bbmeta_below\u00bb link_element=\u00bbnone\u00bb color=\u00bbAccent-Color\u00bb name=\u00bbIglesia Cristo Viviente\u00bb job_position=\u00bbQuilmes\u00bb description=\u00bbCharla de RCP y DEA para Reanimadores Iniciales.<br \/>\nNuestro agradecimiento a la doctora Micaela Baratucci y todas las personas de la Iglesia que nos invitaron a capacitarlos en RCP y DEA para Reanimadores Iniciales.\u00bb][\/item][item title=\u00bbItem\u00bb id=\u00bb1610480961710-7&#8243; tab_id=\u00bb1610480961711-0&#8243;][team_member image_url=\u00bb4073&#8243; team_memeber_style=\u00bbmeta_below\u00bb link_element=\u00bbnone\u00bb color=\u00bbAccent-Color\u00bb name=\u00bbEscuela Secundaria Tecnica n\u00ba 8&#8243; job_position=\u00bbLan\u00fas\u00bb description=\u00bbCharla de RCP y Primeros Auxilios B\u00e1sicos.<br \/>\nNuestro agradecimiento a la comunidad educativa de la Escuela Secundaria T\u00e9cnica n\u00ba 8 de Lan\u00fas que nos invitaron a capacitarlos en maniobras de RCP y Primeros Auxilios.\u00bb][\/item][item title=\u00bbItem\u00bb id=\u00bb1610480961781-1&#8243; tab_id=\u00bb1610480961782-10&#8243;][team_member image_url=\u00bb4480&#8243; team_memeber_style=\u00bbmeta_below\u00bb link_element=\u00bbnone\u00bb color=\u00bbAccent-Color\u00bb name=\u00bbBomberos Voluntarios Cuartel Santa Teresita\u00bb job_position=\u00bbSanta Teresita\u00bb description=\u00bbCursos de RCP y DEA para Profesionales de la Salud.<br \/>\nNuestro agradecimiento al cuerpo de bomberos voluntarios del cuartel de San Teresita por habernos convocado para dictar dos cursos de RCP y DEA para Profesionales de la Salud.\u00bb][\/item][\/carousel][\/vc_column][\/vc_row]\n","protected":false},"excerpt":{"rendered":"<p>[vc_row type=\u00bbin_container\u00bb full_screen_row_position=\u00bbmiddle\u00bb column_margin=\u00bbdefault\u00bb scene_position=\u00bbcenter\u00bb text_color=\u00bbdark\u00bb text_align=\u00bbleft\u00bb top_padding=\u00bb80&#8243; bottom_padding=\u00bb5&#8243; overlay_strength=\u00bb0.3&#8243; shape_divider_position=\u00bbbottom\u00bb bg_image_animation=\u00bbnone\u00bb][vc_column column_padding=\u00bbno-extra-padding\u00bb column_padding_position=\u00bball\u00bb background_color_opacity=\u00bb1&#8243; background_hover_color_opacity=\u00bb1&#8243; column_link_target=\u00bb_self\u00bb column_shadow=\u00bbnone\u00bb column_border_radius=\u00bbnone\u00bb width=\u00bb1\/2&#8243; tablet_width_inherit=\u00bbdefault\u00bb tablet_text_alignment=\u00bbdefault\u00bb phone_text_alignment=\u00bbdefault\u00bb overlay_strength=\u00bb0.3&#8243; column_border_width=\u00bbnone\u00bb column_border_style=\u00bbsolid\u00bb bg_image_animation=\u00bbnone\u00bb][vc_column_text] Acciones Solidarias HM&#8230;<\/p>\n","protected":false},"author":1,"featured_media":0,"parent":0,"menu_order":0,"comment_status":"open","ping_status":"open","template":"","meta":{"footnotes":""},"jetpack_sharing_enabled":true,"_links":{"self":[{"href":"https:\/\/www.hmcapacitacion.com\/index.php?rest_route=\/wp\/v2\/pages\/2776"}],"collection":[{"href":"https:\/\/www.hmcapacitacion.com\/index.php?rest_route=\/wp\/v2\/pages"}],"about":[{"href":"https:\/\/www.hmcapacitacion.com\/index.php?rest_route=\/wp\/v2\/types\/page"}],"author":[{"embeddable":true,"href":"https:\/\/www.hmcapacitacion.com\/index.php?rest_route=\/wp\/v2\/users\/1"}],"replies":[{"embeddable":true,"href":"https:\/\/www.hmcapacitacion.com\/index.php?rest_route=%2Fwp%2Fv2%2Fcomments&post=2776"}],"version-history":[{"count":96,"href":"https:\/\/www.hmcapacitacion.com\/index.php?rest_route=\/wp\/v2\/pages\/2776\/revisions"}],"predecessor-version":[{"id":5196,"href":"https:\/\/www.hmcapacitacion.com\/index.php?rest_route=\/wp\/v2\/pages\/2776\/revisions\/5196"}],"wp:attachment":[{"href":"https:\/\/www.hmcapacitacion.com\/index.php?rest_route=%2Fwp%2Fv2%2Fmedia&parent=2776"}],"curies":[{"name":"wp","href":"https:\/\/api.w.org\/{rel}","templated":true}]}}