{"id":2796,"date":"2015-04-03T12:37:00","date_gmt":"2015-04-03T12:37:00","guid":{"rendered":"http:\/\/www.compuactive.net\/~adminhm\/?page_id=2796"},"modified":"2021-01-06T21:49:10","modified_gmt":"2021-01-06T21:49:10","slug":"rcp-reanimadores-iniciales","status":"publish","type":"page","link":"https:\/\/www.hmcapacitacion.com\/?page_id=2796","title":{"rendered":"RCP DEA Reanimadores Iniciales"},"content":{"rendered":"[vc_row type=\u00bbin_container\u00bb bg_position=\u00bbleft top\u00bb bg_repeat=\u00bbrepeat\u00bb bg_color=\u00bb#dd3333&#8243; scene_position=\u00bbcenter\u00bb text_color=\u00bbdark\u00bb text_align=\u00bbleft\u00bb][vc_column width=\u00bb1\/1&#8243;][vc_column_text][\/vc_column_text][\/vc_column][\/vc_row][vc_row][vc_column width=\u00bb1\/2&#8243;][vc_column_text]\n<h2>Curso dirigido a:<\/h2>\n<p>P\u00fablico en general; adultos, adolescentes y a toda aquella persona que desee \u201caprender a Salvar Vidas\u201d. No hace falta poseer conocimientos previos.<\/p>\n<h2>Duraci\u00f3n<\/h2>\n<p>La capacitaci\u00f3n durar\u00e1 3\u00a0horas.<\/p>\n<h2>Metodolog\u00eda<\/h2>\n<p>&#8211; Exposici\u00f3n del instructor.<br \/>\n&#8211; Exposici\u00f3n de un video instructivo y diapositivas.<br \/>\n&#8211; An\u00e1lisis de situaciones reales.<br \/>\n&#8211; <strong>Estaciones pr\u00e1cticas de trabajo<\/strong>:<br \/>\nA &#8211; Protocolo de RCP en victimas adultas, ni\u00f1os y lactantes.<br \/>\nB &#8211; Manejo del D.E.A.(Desfibrilador Externo Autom\u00e1tico).<br \/>\nC &#8211; T\u00e9cnicas de desobstrucci\u00f3n de la v\u00eda a\u00e9rea en personas adultas y lactantes.[\/vc_column_text][\/vc_column][vc_column width=\u00bb1\/2&#8243;][vc_column_text]\n<h2>Materiales<\/h2>\n<p>&#8211; Maniqu\u00edes de R.C.P. uno cada 3 personas, (tama\u00f1o adultos, ni\u00f1os y lactantes), simuladores de D.E.A. y guantes descartables.<\/p>\n<h2>Contenidos<\/h2>\n<p>&#8211; Medidas de bioseguridad (guantes descartables, m\u00e1scaras de RCP, etc.).<br \/>\n&#8211; Activaci\u00f3n del SEM (Sistema de Emergencias M\u00e9dicas)<br \/>\n&#8211; Evaluaci\u00f3n de la seguridad del escenario.<br \/>\n&#8211; El concepto de la R.C.P.<br \/>\n&#8211; Las principales emergencias en los adultos: ataque card\u00edaco y ataque cerebral.<br \/>\n&#8211; La cadena de supervivencia de adultos.<br \/>\n&#8211; Las principales emergencias en los ni\u00f1os y en los lactantes: la importancia de la prevenci\u00f3n y el trauma.<br \/>\n&#8211; La cadena de supervivencia pedi\u00e1trica.<br \/>\n&#8211; Protocolos de asistencia A.H.A. 2020 adultos, ni\u00f1os y lactantes.<br \/>\n&#8211; El diagn\u00f3stico del paro cardiorrespiratorio.<br \/>\n&#8211; T\u00e9cnicas de las compresiones tor\u00e1cicas seg\u00fan las distintas edades.<br \/>\n&#8211; Manejo del D.E.A. (Desfibrilador Externo Autom\u00e1tico).<br \/>\n&#8211; La t\u00e9cnica de la P.L.S.<br \/>\n&#8211; Asfixias por atragantamiento.<br \/>\n&#8211; Maniobras de desobstrucci\u00f3n de la via a\u00e9rea, seg\u00fan los diferentes grupos etarios.[\/vc_column_text][\/vc_column][\/vc_row][vc_row][vc_column width=\u00bb1\/1&#8243;][vc_column_text]\n<h2>Requisitos institucionales<\/h2>\n<p>1- La instituci\u00f3n o empresa organizadora deber\u00e1 contar:<br \/>\na- Con el espacio, sillas y mesas suficientes (seg\u00fan la cantidad de personas interesadas en el curso) para desarrollar las actividades te\u00f3ricas pr\u00e1cticas.<br \/>\nb- HM Capacitaci\u00f3n se hace cargo de los instrumentos t\u00e9cnicos de audio y video, tales como un reproductor de DVD o una notebook, un ca\u00f1\u00f3n proyector multimedia y parlantes.<br \/>\n2- Los asistentes al curso deber\u00e1n contar con ropa c\u00f3moda para la mejor pr\u00e1ctica de las t\u00e9cnicas de RCP y material (cuaderno y lapicera) para apuntar en la capacitaci\u00f3n.<\/p>\n<h2>Otras caracter\u00edsticas<\/h2>\n<p>&#8211; El d\u00eda y lugar del curso se fijar\u00e1 en com\u00fan acuerdo con las autoridades de la empresa, instituci\u00f3n escolar, deportiva o social.<br \/>\n&#8211; Los alumnos recibir\u00e1n un CD con material de estudio de los temas del curso y un diploma de asistencia que deje constancia del mismo.[\/vc_column_text][\/vc_column][\/vc_row]\n","protected":false},"excerpt":{"rendered":"<p>[vc_row type=\u00bbin_container\u00bb bg_position=\u00bbleft top\u00bb bg_repeat=\u00bbrepeat\u00bb bg_color=\u00bb#dd3333&#8243; scene_position=\u00bbcenter\u00bb text_color=\u00bbdark\u00bb text_align=\u00bbleft\u00bb][vc_column width=\u00bb1\/1&#8243;][vc_column_text][\/vc_column_text][\/vc_column][\/vc_row][vc_row][vc_column width=\u00bb1\/2&#8243;][vc_column_text] Curso dirigido a: P\u00fablico en general; adultos, adolescentes y a toda aquella persona que desee \u201caprender a Salvar Vidas\u201d&#8230;.<\/p>\n","protected":false},"author":1,"featured_media":0,"parent":0,"menu_order":0,"comment_status":"open","ping_status":"open","template":"","meta":{"footnotes":""},"jetpack_sharing_enabled":true,"_links":{"self":[{"href":"https:\/\/www.hmcapacitacion.com\/index.php?rest_route=\/wp\/v2\/pages\/2796"}],"collection":[{"href":"https:\/\/www.hmcapacitacion.com\/index.php?rest_route=\/wp\/v2\/pages"}],"about":[{"href":"https:\/\/www.hmcapacitacion.com\/index.php?rest_route=\/wp\/v2\/types\/page"}],"author":[{"embeddable":true,"href":"https:\/\/www.hmcapacitacion.com\/index.php?rest_route=\/wp\/v2\/users\/1"}],"replies":[{"embeddable":true,"href":"https:\/\/www.hmcapacitacion.com\/index.php?rest_route=%2Fwp%2Fv2%2Fcomments&post=2796"}],"version-history":[{"count":29,"href":"https:\/\/www.hmcapacitacion.com\/index.php?rest_route=\/wp\/v2\/pages\/2796\/revisions"}],"predecessor-version":[{"id":5193,"href":"https:\/\/www.hmcapacitacion.com\/index.php?rest_route=\/wp\/v2\/pages\/2796\/revisions\/5193"}],"wp:attachment":[{"href":"https:\/\/www.hmcapacitacion.com\/index.php?rest_route=%2Fwp%2Fv2%2Fmedia&parent=2796"}],"curies":[{"name":"wp","href":"https:\/\/api.w.org\/{rel}","templated":true}]}}