{"id":2814,"date":"2015-04-03T14:13:50","date_gmt":"2015-04-03T14:13:50","guid":{"rendered":"http:\/\/www.compuactive.net\/~adminhm\/?page_id=2814"},"modified":"2024-09-15T19:43:07","modified_gmt":"2024-09-15T19:43:07","slug":"rcp-y-primeros-auxilios-basicos","status":"publish","type":"page","link":"https:\/\/www.hmcapacitacion.com\/?page_id=2814","title":{"rendered":"RCP y Primeros Auxilios B\u00e1sicos"},"content":{"rendered":"[vc_row type=\u00bbin_container\u00bb bg_position=\u00bbleft top\u00bb bg_repeat=\u00bbrepeat\u00bb bg_color=\u00bb#dd3333&#8243; scene_position=\u00bbcenter\u00bb text_color=\u00bbdark\u00bb text_align=\u00bbleft\u00bb][vc_column width=\u00bb1\/1&#8243;][vc_column_text][\/vc_column_text][\/vc_column][\/vc_row][vc_row][vc_column width=\u00bb1\/2&#8243;][vc_column_text]\n<h2>Curso dirigido a:<\/h2>\n<p>P\u00fablico en general; adultos, adolescentes y a toda aquella persona que desee \u201caprender a Salvar Vidas\u201d. No hace falta poseer conocimientos previos.<\/p>\n<h2>Duraci\u00f3n<\/h2>\n<p>La capacitaci\u00f3n durar\u00e1 3\u00a0horas 30 min.<\/p>\n<h2>Metodolog\u00eda<\/h2>\n<p>&#8211; Disertaci\u00f3n del instructor.<br \/>\n&#8211; Exposici\u00f3n de videos instructivos.<br \/>\n&#8211; An\u00e1lisis de situaciones reales.<br \/>\n<strong>&#8211; Estaciones pr\u00e1cticas de trabajo:<\/strong><br \/>\nA &#8211; T\u00e9cnicas de manejo de la bioseguridad.<br \/>\nB &#8211; T\u00e9cnicas de las compresiones tor\u00e1cicas.<br \/>\nC &#8211; Protocolo de RCP en adultos.<br \/>\nD &#8211; Maniobra\u00a0de desobstrucci\u00f3n de las v\u00edas a\u00e9reas en adultos.<br \/>\nE &#8211; Procedimiento de asistencia ante una hemorragia.<br \/>\nF &#8211; T\u00e9cnica de PLS (Posici\u00f3n Lateral de Seguridad).<\/p>\n[\/vc_column_text][\/vc_column][vc_column width=\u00bb1\/2&#8243;][vc_column_text]\n<h2>Materiales<\/h2>\n<p>Simuladores de R.C.P. uno cada 2\u00a0personas, (tama\u00f1o adultos), simuladores DEA, botiqu\u00edn de primeros auxilios, f\u00e9rulas blandas y r\u00edgidas y materiales descartables (guantes, gasas, vendas, etc).<\/p>\n<h2>Contenidos<\/h2>\n<p><strong>BLOQUE RCP<\/strong><br \/>\n&#8211; Concepto y generalidades de la RCP.<br \/>\n&#8211; Las principales emergencias en los adultos: el ataque card\u00edaco y el ataque cerebral.<br \/>\n&#8211; La cadena de supervivencia de adultos.<br \/>\n&#8211; Evaluaci\u00f3n de la seguridad del escenario.<br \/>\n&#8211; Activaci\u00f3n del Sistema de Emergencias M\u00e9dicas (S.E.M).<br \/>\n&#8211; El diagn\u00f3stico del paro cardiorrespiratorio.<br \/>\n&#8211; La RCP s\u00f3lo con las manos, protocolo de \u00fanicamente compresiones tor\u00e1cicas.<br \/>\n&#8211; T\u00e9cnica de compresiones tor\u00e1cicas.<br \/>\n&#8211; Diferencias con pediatr\u00eda.<br \/>\n&#8211; Uso del D.E.A. (Desfibrilador Externo Autom\u00e1tico).<br \/>\n&#8211; La t\u00e9cnica de la P.L.S. (Posici\u00f3n Lateral de Seguridad).<\/p>\n<p><strong>BLOQUE PRIMEROS AUXILIOS<\/strong><br \/>\n&#8211; Prevenci\u00f3n.<br \/>\n&#8211; La bioseguridad.<br \/>\n&#8211; Botiqu\u00edn.<br \/>\n&#8211; Asfixia por atragantamiento.<br \/>\n&#8211; Ataque card\u00ecaco.<br \/>\n&#8211; Diabetes.<br \/>\n&#8211; Desmayo.<br \/>\n&#8211; Ataque cerebral.<br \/>\n&#8211; Convulsiones.<br \/>\n&#8211; Heridas.<br \/>\n&#8211; Hemorragias externas.<br \/>\n&#8211; Hemorragia nasal.<br \/>\n&#8211; Amputaciones.<br \/>\n&#8211; Lesiones por objetos punzantes.<br \/>\n&#8211; Fracturas, luxaciones y esguinces. Inmovilizaci\u00f3n.<br \/>\n&#8211; Quemaduras.[\/vc_column_text][\/vc_column][\/vc_row][vc_row][vc_column width=\u00bb1\/1&#8243;][vc_column_text]\n<h2>Requisitos institucionales<\/h2>\n<p>1- La instituci\u00f3n organizadora deber\u00e1 contar:<br \/>\na &#8211; Con el espacio suficiente, las sillas y las mesas (seg\u00fan la cantidad de personas interesadas en el curso) para desarrollar las actividades te\u00f3rico-pr\u00e1cticas.<br \/>\nb &#8211; HM Capacitaci\u00f3n se hace cargo de los instrumentos t\u00e9cnicos de audio y video, tales como un reproductor de DVD o una notebook, un ca\u00f1\u00f3n proyector multimedia y parlantes.<br \/>\n2- Los asistentes al curso deber\u00e1n contar con ropa c\u00f3moda para la mejor pr\u00e1ctica de las t\u00e9cnicas de RCP y Primeros Auxilios y material (cuaderno y lapicera) para apuntar en la capacitaci\u00f3n.<\/p>\n<h2>Otras caracter\u00edsticas<\/h2>\n<p>&#8211; El d\u00eda y lugar de la misma se fijar\u00e1 en com\u00fan acuerdo con las autoridades de la empresa, planta, instituci\u00f3n escolar, deportiva o social.<br \/>\n&#8211; Los alumnos recibir\u00e1n un CD con material de estudio digitalizado de los temas del curso y un diploma de asistencia que deje constancia del mismo.[\/vc_column_text][\/vc_column][\/vc_row]\n","protected":false},"excerpt":{"rendered":"<p>[vc_row type=\u00bbin_container\u00bb bg_position=\u00bbleft top\u00bb bg_repeat=\u00bbrepeat\u00bb bg_color=\u00bb#dd3333&#8243; scene_position=\u00bbcenter\u00bb text_color=\u00bbdark\u00bb text_align=\u00bbleft\u00bb][vc_column width=\u00bb1\/1&#8243;][vc_column_text][\/vc_column_text][\/vc_column][\/vc_row][vc_row][vc_column width=\u00bb1\/2&#8243;][vc_column_text] Curso dirigido a: P\u00fablico en general; adultos, adolescentes y a toda aquella persona que desee \u201caprender a Salvar Vidas\u201d&#8230;.<\/p>\n","protected":false},"author":1,"featured_media":0,"parent":0,"menu_order":0,"comment_status":"open","ping_status":"open","template":"","meta":{"footnotes":""},"jetpack_sharing_enabled":true,"_links":{"self":[{"href":"https:\/\/www.hmcapacitacion.com\/index.php?rest_route=\/wp\/v2\/pages\/2814"}],"collection":[{"href":"https:\/\/www.hmcapacitacion.com\/index.php?rest_route=\/wp\/v2\/pages"}],"about":[{"href":"https:\/\/www.hmcapacitacion.com\/index.php?rest_route=\/wp\/v2\/types\/page"}],"author":[{"embeddable":true,"href":"https:\/\/www.hmcapacitacion.com\/index.php?rest_route=\/wp\/v2\/users\/1"}],"replies":[{"embeddable":true,"href":"https:\/\/www.hmcapacitacion.com\/index.php?rest_route=%2Fwp%2Fv2%2Fcomments&post=2814"}],"version-history":[{"count":28,"href":"https:\/\/www.hmcapacitacion.com\/index.php?rest_route=\/wp\/v2\/pages\/2814\/revisions"}],"predecessor-version":[{"id":5254,"href":"https:\/\/www.hmcapacitacion.com\/index.php?rest_route=\/wp\/v2\/pages\/2814\/revisions\/5254"}],"wp:attachment":[{"href":"https:\/\/www.hmcapacitacion.com\/index.php?rest_route=%2Fwp%2Fv2%2Fmedia&parent=2814"}],"curies":[{"name":"wp","href":"https:\/\/api.w.org\/{rel}","templated":true}]}}