{"id":704,"date":"2013-03-23T13:05:30","date_gmt":"2013-03-23T13:05:30","guid":{"rendered":"http:\/\/themenectar.com\/demo\/salient\/?page_id=20"},"modified":"2020-08-24T22:23:16","modified_gmt":"2020-08-24T22:23:16","slug":"quienessomos","status":"publish","type":"page","link":"https:\/\/www.hmcapacitacion.com\/?page_id=704","title":{"rendered":"\u00bfQui\u00e9nes Somos?"},"content":{"rendered":"[vc_row type=\u00bbin_container\u00bb full_screen_row_position=\u00bbmiddle\u00bb column_margin=\u00bbdefault\u00bb scene_position=\u00bbcenter\u00bb text_color=\u00bbdark\u00bb text_align=\u00bbleft\u00bb top_padding=\u00bb80&#8243; bottom_padding=\u00bb5&#8243; overlay_strength=\u00bb0.3&#8243; shape_divider_position=\u00bbbottom\u00bb bg_image_animation=\u00bbnone\u00bb][vc_column column_padding=\u00bbno-extra-padding\u00bb column_padding_position=\u00bball\u00bb background_color_opacity=\u00bb1&#8243; background_hover_color_opacity=\u00bb1&#8243; column_link_target=\u00bb_self\u00bb column_shadow=\u00bbnone\u00bb column_border_radius=\u00bbnone\u00bb width=\u00bb1\/2&#8243; tablet_width_inherit=\u00bbdefault\u00bb tablet_text_alignment=\u00bbdefault\u00bb phone_text_alignment=\u00bbdefault\u00bb overlay_strength=\u00bb0.3&#8243; column_border_width=\u00bbnone\u00bb column_border_style=\u00bbsolid\u00bb bg_image_animation=\u00bbnone\u00bb][vc_column_text]\n<h2>HM Capacitaci\u00f3n<\/h2>\n<p style=\"text-align: justify;\"><strong>HM Capacitaci\u00f3n<\/strong> es una organizaci\u00f3n j\u00f3ven integrada por un grupo de profesionales (m\u00e9dicos, t\u00e9cnicos en emergencias m\u00e9dicas, rescatistas, bomberos, t\u00e9cnicos en higiene y seguridad, guardavidas y profesores de educaci\u00f3n f\u00edsica) que trabajan en forma conjunta, con el objetivo de difundir conocimientos y t\u00e9cnicas de Rescate, RCP DEA y Primeros Auxilios. <strong>HM Capacitaci\u00f3n<\/strong> cuenta con un grupo de instructores con a\u00f1os de experiencia, capacitados por la <strong>Red Cross (R.C.)<\/strong>, la <strong>American Heart Association (A.H.A.)<\/strong>, el <strong>Emergency Care and Safety Institute (ECSI)<\/strong>, <strong>AIDER<\/strong> y la <strong>N.F.P.A. (National Fire Protection Association)<\/strong>.<\/p>\n<p style=\"text-align: justify;\"><strong>HM Capacitaci\u00f3n<\/strong> realiza capacitaciones te\u00f3ricas pr\u00e1cticas dise\u00f1adas en forma personalizada y adaptadas a las necesidades de empresas, plantas industriales, agrupaciones e instituciones educativas, deportivas, sociales y p\u00fablico interesado. Su principal objetivo es <strong>Ense\u00f1ar a Salvar Vidas.<\/strong><\/p>\n[\/vc_column_text][\/vc_column][vc_column column_padding=\u00bbno-extra-padding\u00bb column_padding_position=\u00bball\u00bb background_color_opacity=\u00bb1&#8243; background_hover_color_opacity=\u00bb1&#8243; column_link_target=\u00bb_self\u00bb column_shadow=\u00bbnone\u00bb column_border_radius=\u00bbnone\u00bb width=\u00bb1\/2&#8243; tablet_width_inherit=\u00bbdefault\u00bb tablet_text_alignment=\u00bbdefault\u00bb phone_text_alignment=\u00bbdefault\u00bb overlay_strength=\u00bb0.3&#8243; column_border_width=\u00bbnone\u00bb column_border_style=\u00bbsolid\u00bb bg_image_animation=\u00bbnone\u00bb][vc_column_text]\n<p>I am text block. Click edit button to change this text. Lorem ipsum dolor sit amet, consectetur adipiscing elit. Ut elit tellus, luctus nec ullamcorper mattis, pulvinar dapibus leo.<\/p>\n[\/vc_column_text]\r\n\t\t<div class=\"nectar-progress-bar\">\r\n\t\t\t<p>RCP y Primeros Auxilios B\u00e1sicos<\/p>\r\n\t\t\t<div class=\"bar-wrap\"><span class=\"accent-color\" data-width=\"90\"> <strong><i>90<\/i>%<\/strong> <\/span><\/div>\r\n\t\t<\/div>\r\n\t\t<div class=\"nectar-progress-bar\">\r\n\t\t\t<p>RCP y DEA para Reanimadores Iniciales<\/p>\r\n\t\t\t<div class=\"bar-wrap\"><span class=\"accent-color\" data-width=\"80\"> <strong><i>80<\/i>%<\/strong> <\/span><\/div>\r\n\t\t<\/div>\r\n\t\t<div class=\"nectar-progress-bar\">\r\n\t\t\t<p>Asistencia B\u00e1sica en Trauma<\/p>\r\n\t\t\t<div class=\"bar-wrap\"><span class=\"accent-color\" data-width=\"75\"> <strong><i>75<\/i>%<\/strong> <\/span><\/div>\r\n\t\t<\/div>\r\n\t\t<div class=\"nectar-progress-bar\">\r\n\t\t\t<p>Extinci\u00f3n de Incendios y Evacuaci\u00f3n<\/p>\r\n\t\t\t<div class=\"bar-wrap\"><span class=\"accent-color\" data-width=\"60\"> <strong><i>60<\/i>%<\/strong> <\/span><\/div>\r\n\t\t<\/div>\r\n\t\t<div class=\"nectar-progress-bar\">\r\n\t\t\t<p>Rescate T\u00e9cnico con Cuerdas<\/p>\r\n\t\t\t<div class=\"bar-wrap\"><span class=\"accent-color\" data-width=\"65\"> <strong><i>65<\/i>%<\/strong> <\/span><\/div>\r\n\t\t<\/div>\r\n\t\t<div class=\"nectar-progress-bar\">\r\n\t\t\t<p>RCP y Primeros Auxilios Pedi\u00e1tricos<\/p>\r\n\t\t\t<div class=\"bar-wrap\"><span class=\"accent-color\" data-width=\"75\"> <strong><i>75<\/i>%<\/strong> <\/span><\/div>\r\n\t\t<\/div>[\/vc_column][\/vc_row][vc_row type=\u00bbin_container\u00bb full_screen_row_position=\u00bbmiddle\u00bb column_margin=\u00bbdefault\u00bb scene_position=\u00bbcenter\u00bb text_color=\u00bbdark\u00bb text_align=\u00bbleft\u00bb bottom_padding=\u00bb30&#8243; overlay_strength=\u00bb0.3&#8243; shape_divider_position=\u00bbbottom\u00bb bg_image_animation=\u00bbnone\u00bb][vc_column column_padding=\u00bbno-extra-padding\u00bb column_padding_position=\u00bball\u00bb background_color_opacity=\u00bb1&#8243; background_hover_color_opacity=\u00bb1&#8243; column_link_target=\u00bb_self\u00bb column_shadow=\u00bbnone\u00bb column_border_radius=\u00bbnone\u00bb width=\u00bb1\/1&#8243; tablet_width_inherit=\u00bbdefault\u00bb tablet_text_alignment=\u00bbdefault\u00bb phone_text_alignment=\u00bbdefault\u00bb overlay_strength=\u00bb0.3&#8243; column_border_width=\u00bbnone\u00bb column_border_style=\u00bbsolid\u00bb bg_image_animation=\u00bbnone\u00bb][carousel script=\u00bbcarouFredSel\u00bb easing=\u00bbeaseInOutQuart\u00bb carousel_title=\u00bbNuestro equipo\u00bb scroll_speed=\u00bb1000&#8243;][item id=\u00bb1598307555899-2&#8243; title=\u00bbItem\u00bb tab_id=\u00bb1598307555900-6&#8243;][team_member image_url=\u00bb4411&#8243; team_memeber_style=\u00bbmeta_below\u00bb link_element=\u00bbnone\u00bb color=\u00bbAccent-Color\u00bb name=\u00bbANIBAL DRAGUICEVICH\u00bb job_position=\u00bbInstructor\u00bb description=\u00bb. Rescatista T\u00e9cnico Vertical N2 TASK College Brasil.<br \/>\n. Consultor en Sistemas de Gesti\u00f3n de Calidad y<br \/>\nSeguridad (ISO 9001 \u2013 OSHAS 18000).<br \/>\n. Especialista en Seguridad e Higiene Industrial.<br \/>\n. Primer Respondiente en Emergencias.\u00bb][\/item][item title=\u00bbItem\u00bb id=\u00bb1598307555987-6&#8243; tab_id=\u00bb1598307555988-10&#8243;][team_member image_url=\u00bb4378&#8243; team_memeber_style=\u00bbmeta_below\u00bb link_element=\u00bbnone\u00bb color=\u00bbAccent-Color\u00bb name=\u00bbGUSTAVO DI GANGI\u00bb job_position=\u00bbInstructor\u00bb description=\u00bb. Bombero Voluntario.<br \/>\n. Instructor de RCP \u2013 DAE y Primeros Auxilios<br \/>\nAIDER, ECSI (Emergency Care Safety Institute).<br \/>\n. L\u00edder Scout.<br \/>\n. T\u00e9cnico en Higiene y Seguridad.\u00bb][\/item][item title=\u00bbItem\u00bb id=\u00bb1598307556030-7&#8243; tab_id=\u00bb1598307556031-6&#8243;][team_member image_url=\u00bb4413&#8243; team_memeber_style=\u00bbmeta_below\u00bb link_element=\u00bbnone\u00bb color=\u00bbAccent-Color\u00bb name=\u00bbJORGE VALLE\u00bb job_position=\u00bbInstructor\u00bb description=\u00bb. Bombero Voluntario.<br \/>\n. Rescatista T\u00e9cnico Vertical en zonas urbanas.<br \/>\n. Socorrista.\u00bb][\/item][item title=\u00bbItem\u00bb id=\u00bb1598307556079-8&#8243; tab_id=\u00bb1598307556080-10&#8243;][team_member image_url=\u00bb4618&#8243; team_memeber_style=\u00bbmeta_below\u00bb link_element=\u00bbnone\u00bb color=\u00bbAccent-Color\u00bb name=\u00bbEZEQUIEL CENTURION\u00bb job_position=\u00bbInstructor\u00bb description=\u00bb. Guardavidas.<br \/>\n. Estudiante de Enfermer\u00eda.\u00bb][\/item][item title=\u00bbItem\u00bb id=\u00bb1598307556140-4&#8243; tab_id=\u00bb1598307556141-1&#8243;][team_member image_url=\u00bb4902&#8243; team_memeber_style=\u00bbmeta_below\u00bb link_element=\u00bbnone\u00bb color=\u00bbAccent-Color\u00bb name=\u00bbLUCIANA FERNANDEZ\u00bb job_position=\u00bbInstructor\u00bb description=\u00bb. Instructor de RCP \u2013 DAE y Primeros Auxilios<br \/>\nAIDER, ECSI (Emergency Care Safety Institute).<br \/>\n. Guardavidas.<br \/>\n. Bioqu\u00edmica.\u00bb][\/item][item title=\u00bbItem\u00bb id=\u00bb1598307556190-2&#8243; tab_id=\u00bb1598307556192-2&#8243;][team_member image_url=\u00bb4754&#8243; team_memeber_style=\u00bbmeta_below\u00bb link_element=\u00bbnone\u00bb color=\u00bbAccent-Color\u00bb name=\u00bbSEBASTIAN DE PHILIPPIS\u00bb job_position=\u00bbInstructor\u00bb description=\u00bb. Instructor de RCP \u2013 DAE y Primeros Auxilios<br \/>\nCruz Roja Argentina.<br \/>\n. Bombero Voluntario.<br \/>\n. Profesor de Educaci\u00f3n F\u00edsica.\u00bb][\/item][item title=\u00bbItem\u00bb id=\u00bb1598307556240-0&#8243; tab_id=\u00bb1598307556241-3&#8243;][team_member image_url=\u00bb4751&#8243; team_memeber_style=\u00bbmeta_below\u00bb link_element=\u00bbnone\u00bb color=\u00bbAccent-Color\u00bb name=\u00bbESTEBAN LLAURADO\u00bb job_position=\u00bbInstructor\u00bb description=\u00bb. Guardavidas.<br \/>\n. Socorrista.\u00bb][\/item][item id=\u00bb1598307556288-9&#8243; title=\u00bbItem\u00bb tab_id=\u00bb1598307556289-1&#8243;][team_member image_url=\u00bb4376&#8243; team_memeber_style=\u00bbmeta_below\u00bb link_element=\u00bbnone\u00bb color=\u00bbAccent-Color\u00bb description=\u00bb. Instructor de RCP \u2013 DAE y Primeros Auxilios<br \/>\nAIDER, ECSI (Emergency Care Safety Institute).<br \/>\n. Instructor Heartsaver AED American Heart Association.<br \/>\n. T\u00e9cnico en Emergencias M\u00e9dicas B\u00e1sicas.<br \/>\n. Guardavidas.<br \/>\n. Rescatista T\u00e9cnico Vertical N1 TASK College Brasil.\u00bb name=\u00bbHERNAN MUNOZ\u00bb job_position=\u00bbInstructor\u00bb][\/item][item title=\u00bbItem\u00bb id=\u00bb1598307556344-1&#8243; tab_id=\u00bb1598307556345-10&#8243;][team_member image_url=\u00bb4994&#8243; team_memeber_style=\u00bbmeta_below\u00bb link_element=\u00bbnone\u00bb color=\u00bbAccent-Color\u00bb name=\u00bbSERGIO AUTERELO\u00bb job_position=\u00bbInstructor\u00bb description=\u00bb. Bombero Voluntario.<br \/>\n. Especialista T\u00e9cnico Vertical &#8211; Task College Brasil.<br \/>\n. Brigadista.\u00bb][\/item][\/carousel][\/vc_column][\/vc_row]\n","protected":false},"excerpt":{"rendered":"<p>[vc_row type=\u00bbin_container\u00bb full_screen_row_position=\u00bbmiddle\u00bb column_margin=\u00bbdefault\u00bb scene_position=\u00bbcenter\u00bb text_color=\u00bbdark\u00bb text_align=\u00bbleft\u00bb top_padding=\u00bb80&#8243; bottom_padding=\u00bb5&#8243; overlay_strength=\u00bb0.3&#8243; shape_divider_position=\u00bbbottom\u00bb bg_image_animation=\u00bbnone\u00bb][vc_column column_padding=\u00bbno-extra-padding\u00bb column_padding_position=\u00bball\u00bb background_color_opacity=\u00bb1&#8243; background_hover_color_opacity=\u00bb1&#8243; column_link_target=\u00bb_self\u00bb column_shadow=\u00bbnone\u00bb column_border_radius=\u00bbnone\u00bb width=\u00bb1\/2&#8243; tablet_width_inherit=\u00bbdefault\u00bb tablet_text_alignment=\u00bbdefault\u00bb phone_text_alignment=\u00bbdefault\u00bb overlay_strength=\u00bb0.3&#8243; column_border_width=\u00bbnone\u00bb column_border_style=\u00bbsolid\u00bb bg_image_animation=\u00bbnone\u00bb][vc_column_text] HM Capacitaci\u00f3n HM&#8230;<\/p>\n","protected":false},"author":1,"featured_media":0,"parent":0,"menu_order":42,"comment_status":"open","ping_status":"closed","template":"","meta":{"footnotes":""},"jetpack_sharing_enabled":true,"_links":{"self":[{"href":"https:\/\/www.hmcapacitacion.com\/index.php?rest_route=\/wp\/v2\/pages\/704"}],"collection":[{"href":"https:\/\/www.hmcapacitacion.com\/index.php?rest_route=\/wp\/v2\/pages"}],"about":[{"href":"https:\/\/www.hmcapacitacion.com\/index.php?rest_route=\/wp\/v2\/types\/page"}],"author":[{"embeddable":true,"href":"https:\/\/www.hmcapacitacion.com\/index.php?rest_route=\/wp\/v2\/users\/1"}],"replies":[{"embeddable":true,"href":"https:\/\/www.hmcapacitacion.com\/index.php?rest_route=%2Fwp%2Fv2%2Fcomments&post=704"}],"version-history":[{"count":152,"href":"https:\/\/www.hmcapacitacion.com\/index.php?rest_route=\/wp\/v2\/pages\/704\/revisions"}],"predecessor-version":[{"id":5167,"href":"https:\/\/www.hmcapacitacion.com\/index.php?rest_route=\/wp\/v2\/pages\/704\/revisions\/5167"}],"wp:attachment":[{"href":"https:\/\/www.hmcapacitacion.com\/index.php?rest_route=%2Fwp%2Fv2%2Fmedia&parent=704"}],"curies":[{"name":"wp","href":"https:\/\/api.w.org\/{rel}","templated":true}]}}